{"id":133,"date":"2017-05-08T10:25:27","date_gmt":"2017-05-08T13:25:27","guid":{"rendered":"http:\/\/matecomangu.org\/festival2017\/?page_id=133"},"modified":"2017-05-08T15:49:01","modified_gmt":"2017-05-08T18:49:01","slug":"baixada-1-minuto-videos-concorrendo","status":"publish","type":"page","link":"https:\/\/matecomangu.org\/festival2017\/baixada-1-minuto-videos-concorrendo\/","title":{"rendered":"BAIXADA 1 MINUTO &#8211; V\u00cdDEOS CONCORRENDO"},"content":{"rendered":"<p>Aqui o link direto para a playlist com todos os filmes inscritos que est\u00e3o concorrendo:<br \/>\n<a href=\"https:\/\/www.youtube.com\/playlist?list=PLAhbhhbhNaDcqCN4ALUHF1e7Xaz91Xno5\" target=\"_blank\" rel=\"noopener noreferrer\">https:\/\/www.youtube.com\/playlist?list=PLAhbhhbhNaDcqCN4ALUHF1e7Xaz91Xno5<\/a><\/p>\n<p>Aqui em baixo a lista dos filmes\u00a0um a um. O voto \u00e9 o clique no bot\u00e3o <strong>Gostei<\/strong> do Youtube, aquele tamb\u00e9m chamado de joinha. \u00a0Leva os que tiverem mais cliques no Gostei.<br \/>\nA vota\u00e7\u00e3o fica aberta at\u00e9 \u00e0s 19h do dia 31 de maio de 2017, que \u00e9 o dia da premia\u00e7\u00e3o, do encerramento do Festival e da festa dos 15 anos do Mate \ud83d\ude42<\/p>\n<p><a href=\"https:\/\/youtu.be\/YGj4eoSUxik\" target=\"_blank\" rel=\"noopener noreferrer\"><strong>Tua Vontade<\/strong><\/a> &#8211; de Marcos Maciel.<br \/>\nNa baixada fluminense, apenas vontade n\u00e3o \u00e9 sin\u00f4nimo de realiza\u00e7\u00e3o, uma oportunidade pode ser determinante para quem quer chegar em algum lugar.<\/p>\n<p><a href=\"https:\/\/youtu.be\/d_Acq6Jnq0A\" target=\"_blank\" rel=\"noopener noreferrer\"><strong>Dois Lados<\/strong><\/a> &#8211; de Carol Vilamaro<br \/>\nExistem dois lados da hist\u00f3ria de Nova Igua\u00e7u, Baixada Fluminense. Um lado \u00e9 o ponto de vista da m\u00eddia, o outro de quem vive na cidade. Qual \u00e9 o seu?<\/p>\n<p><a href=\"https:\/\/www.youtube.com\/watch?v=niTtLloL8hg\" target=\"_blank\" rel=\"noopener noreferrer\"><strong>Ser Crian\u00e7a<\/strong><\/a> &#8211; de Victor Gracciano<br \/>\nSimples assim.<\/p>\n<p><a href=\"https:\/\/youtu.be\/gWCruEAdYLg\" target=\"_blank\" rel=\"noopener noreferrer\"><strong>Na Pra\u00e7a<\/strong><\/a> &#8211; de\u00a0Tha\u00eds Costa e Thais Oliveira<br \/>\nA pra\u00e7a \u00e9 um espa\u00e7o onde tudo e todos se encontram. Um dos cart\u00f5es postais da Baixada Fluminense, \u00e9 nela e ao seu redor que a vida acontece, abrigando ali a hist\u00f3ria de v\u00e1rias gera\u00e7\u00f5es.<\/p>\n<p><a href=\"https:\/\/youtu.be\/Cxie2QU9VXw\" target=\"_blank\" rel=\"noopener noreferrer\"><strong>Somos_Todos_B.X.D<\/strong><\/a> &#8211; de\u00a0Isabella Tavares e Pamela Ohnitram<br \/>\nO curta gira em torno do olhar de uma jovem baixadense que deseja expressar sua admira\u00e7\u00e3o pela a\u00e7\u00f5es culturais, pelo territ\u00f3rio e pelas pessoas que a cercam. Ela s\u00f3 deseja mostrar um pouquinho diante do tanto que a baixada a representa.<\/p>\n<p><a href=\"https:\/\/youtu.be\/rFvtXJQJuXc\" target=\"_blank\" rel=\"noopener noreferrer\"><strong>\u00c9 Longe ou Demora pra Chegar?<\/strong><\/a> &#8211; de Nelsinho Pacheco<br \/>\nQuem sabe, sabe.<\/p>\n<p><a href=\"https:\/\/youtu.be\/d02-lAYTaDY\" target=\"_blank\" rel=\"noopener noreferrer\"><strong>Cidade do Amor<\/strong><\/a> &#8211; de\u00a0Sandro Garcia<br \/>\nO amor espalhado pelos pontos de \u00f4nibus de Belford Roxo.<\/p>\n<p><a href=\"https:\/\/youtu.be\/-MYkgep-7u0\" target=\"_blank\" rel=\"noopener noreferrer\"><strong>A Casa de Prestes<\/strong><\/a> &#8211; de Vampierre<br \/>\nO Sr. Pedro Pereira Almeida, morador do Parque Nacional da Taquara\/Duque de Caxias na Baixada Fluminense, apresenta a casa que segundo ele fora ref\u00fagio de Luis Carlos Prestes.<\/p>\n<p><a href=\"https:\/\/youtu.be\/f0-Wd8FrFmA\" target=\"_blank\" rel=\"noopener noreferrer\"><strong>N \u00e9 Meu Lugar<\/strong><\/a> &#8211; de Lu Brasil<br \/>\nO Olhar da perif\u00e9rica Lu Brasil sobre o emaranhado de Shoppings que existem em Duque de Caxias (alguns deles). Sempre entra e sai desses lugares, mas n reconhece como parte do seu lar.<br \/>\n&#8220;N \u00e9 o meu lar&#8221; \u00e9 uma pequena parte do mapeamento afetivo que ela est\u00e1 fazendo sobre sua viv\u00eancia na BF e em especial Duque de Caxias.<\/p>\n","protected":false},"excerpt":{"rendered":"<p>Aqui o link direto para a playlist com todos os filmes inscritos que est\u00e3o concorrendo: https:\/\/www.youtube.com\/playlist?list=PLAhbhhbhNaDcqCN4ALUHF1e7Xaz91Xno5 Aqui em baixo a lista dos filmes\u00a0um a um. O voto \u00e9 o clique no bot\u00e3o Gostei do Youtube, aquele tamb\u00e9m chamado de joinha. \u00a0Leva os que tiverem mais cliques no Gostei. A vota\u00e7\u00e3o fica aberta at\u00e9 \u00e0s 19h &hellip; <\/p>\n<p class=\"link-more\"><a href=\"https:\/\/matecomangu.org\/festival2017\/baixada-1-minuto-videos-concorrendo\/\" class=\"more-link\">Continue lendo<span class=\"screen-reader-text\"> &#8220;BAIXADA 1 MINUTO &#8211; V\u00cdDEOS CONCORRENDO&#8221;<\/span><\/a><\/p>\n","protected":false},"author":1,"featured_media":0,"parent":0,"menu_order":0,"comment_status":"closed","ping_status":"closed","template":"","meta":{"footnotes":""},"class_list":["post-133","page","type-page","status-publish","hentry"],"_links":{"self":[{"href":"https:\/\/matecomangu.org\/festival2017\/wp-json\/wp\/v2\/pages\/133","targetHints":{"allow":["GET"]}}],"collection":[{"href":"https:\/\/matecomangu.org\/festival2017\/wp-json\/wp\/v2\/pages"}],"about":[{"href":"https:\/\/matecomangu.org\/festival2017\/wp-json\/wp\/v2\/types\/page"}],"author":[{"embeddable":true,"href":"https:\/\/matecomangu.org\/festival2017\/wp-json\/wp\/v2\/users\/1"}],"replies":[{"embeddable":true,"href":"https:\/\/matecomangu.org\/festival2017\/wp-json\/wp\/v2\/comments?post=133"}],"version-history":[{"count":22,"href":"https:\/\/matecomangu.org\/festival2017\/wp-json\/wp\/v2\/pages\/133\/revisions"}],"predecessor-version":[{"id":164,"href":"https:\/\/matecomangu.org\/festival2017\/wp-json\/wp\/v2\/pages\/133\/revisions\/164"}],"wp:attachment":[{"href":"https:\/\/matecomangu.org\/festival2017\/wp-json\/wp\/v2\/media?parent=133"}],"curies":[{"name":"wp","href":"https:\/\/api.w.org\/{rel}","templated":true}]}}