{"id":234,"date":"2017-05-15T09:29:16","date_gmt":"2017-05-15T12:29:16","guid":{"rendered":"http:\/\/matecomangu.org\/festival2017\/?page_id=234"},"modified":"2017-05-22T20:32:01","modified_gmt":"2017-05-22T23:32:01","slug":"terca-feira-3005","status":"publish","type":"page","link":"https:\/\/matecomangu.org\/festival2017\/programacao-completa\/terca-feira-3005\/","title":{"rendered":"TER\u00c7A-FEIRA, 30\/05"},"content":{"rendered":"<p><strong>Local: Instituto Hist\u00f3rico Vereador Tom\u00e9 Siqueira Barreto<\/strong><br \/>\nRua Paulo Lins, 41, 25 de Agosto<\/p>\n<p><span class=\"_4n-j _fbReactionComponent__eventDetailsContentTags fsl\" data-testid=\"event-permalink-details\"><span class=\"text_exposed_show\">14h30min<br \/>\n<strong>Mostra Competitiva de Curtas 3<\/strong><\/span><\/span><\/p>\n<p>A Piscina de Ca\u00edque (GO)<br \/>\nDire\u00e7\u00e3o: Raphael Gustavo da Silva<br \/>\nProduzido por: \u00c9 N\u00f3is Ki T\u00e1 Produ\u00e7\u00f5es Dura\u00e7\u00e3o: 15\u2019<\/p>\n<p>Of\u00e9lia (RJ)<br \/>\nRealizado no Curso de Audiovisual do projeto Casa Futuro Agora &#8211; Unidade S\u00e3o Jo\u00e3o<br \/>\nProduzido por: Cidadela Dura\u00e7\u00e3o: 14\u2019<\/p>\n<p>A Caverna da Educa\u00e7\u00e3o (RJ)<br \/>\nDire\u00e7\u00e3o: Victor Hugo Liporage Dura\u00e7\u00e3o: 13&#8242;<\/p>\n<p>Desmonte (RJ)<br \/>\nDire\u00e7\u00e3o: Mari Cavalcanti<br \/>\nProduzido por: Anarca Filmes Dura\u00e7\u00e3o: 7\u2019<\/p>\n<p>Transbaixada (RJ)<br \/>\nDire\u00e7\u00e3o: Renan Collier<br \/>\nProdutora: NUCA Dura\u00e7\u00e3o: 15\u2019<\/p>\n<p>Deusa (SP)<br \/>\nDire\u00e7\u00e3o: Bruna Callegari<br \/>\nProduzido por: Espa\u00e7o L\u00edquido Audiovisual Dura\u00e7\u00e3o: 18\u2019<\/p>\n<p>Carne e Casca (SP),<br \/>\nDire\u00e7\u00e3o: Dani Drumond<br \/>\nProdutora: Dani Drumond Filmes Dura\u00e7\u00e3o: 25\u2019<\/p>\n<p>16h<br \/>\n<strong>Mostra Competitiva de Curtas 4<\/strong><\/p>\n<p>Horizonte de Eventos (PR)<br \/>\nDire\u00e7\u00e3o: Gil Baroni<br \/>\nProduzido por: Beija Flor Filmes Dura\u00e7\u00e3o: 15\u2019<\/p>\n<p>Vs. Ex. Sr\u00aa Tristeza, (CE\/RJ)<br \/>\nDire\u00e7\u00e3o: Cl\u00e9bson Oscar e Wilken Misael<br \/>\nProduzido por: Coletivo Descabelo Dura\u00e7\u00e3o: 16\u2019<\/p>\n<p>Movimento #3 (PE)<br \/>\nDire\u00e7\u00e3o: Thiago Merces<br \/>\nProduzido por: V\u00f3rtice Filmes Dura\u00e7\u00e3o: 2\u2019<\/p>\n<p>Metan\u00f3ia (RJ)<br \/>\nDire\u00e7\u00e3o: Frederico Cardoso, Paulo Penteado<br \/>\nProduzido por: Cidadela, Cinemaneiro, Cinema Petisco Dura\u00e7\u00e3o: 2\u2019<\/p>\n<p>Balada para os mortos (RS\/MA)<br \/>\nDire\u00e7\u00e3o: Lucas S\u00e1<br \/>\nProduzido por: MOOD Filmes Dura\u00e7\u00e3o: 21\u2019<\/p>\n<p>Mem\u00f3rias sobre minha m\u00e3e (RJ)<br \/>\nDire\u00e7\u00e3o: Fl\u00e1vio Cabral Dura\u00e7\u00e3o: 4\u2019<\/p>\n<p>Frequ\u00eancias (PE)<br \/>\nDire\u00e7\u00e3o: Adalberto Oliveira Dura\u00e7\u00e3o: 19\u2019<\/p>\n","protected":false},"excerpt":{"rendered":"<p>Local: Instituto Hist\u00f3rico Vereador Tom\u00e9 Siqueira Barreto Rua Paulo Lins, 41, 25 de Agosto 14h30min Mostra Competitiva de Curtas 3 A Piscina de Ca\u00edque (GO) Dire\u00e7\u00e3o: Raphael Gustavo da Silva Produzido por: \u00c9 N\u00f3is Ki T\u00e1 Produ\u00e7\u00f5es Dura\u00e7\u00e3o: 15\u2019 Of\u00e9lia (RJ) Realizado no Curso de Audiovisual do projeto Casa Futuro Agora &#8211; Unidade S\u00e3o Jo\u00e3o &hellip; <\/p>\n<p class=\"link-more\"><a href=\"https:\/\/matecomangu.org\/festival2017\/programacao-completa\/terca-feira-3005\/\" class=\"more-link\">Continue lendo<span class=\"screen-reader-text\"> &#8220;TER\u00c7A-FEIRA, 30\/05&#8221;<\/span><\/a><\/p>\n","protected":false},"author":1,"featured_media":0,"parent":207,"menu_order":0,"comment_status":"closed","ping_status":"closed","template":"","meta":{"footnotes":""},"class_list":["post-234","page","type-page","status-publish","hentry"],"_links":{"self":[{"href":"https:\/\/matecomangu.org\/festival2017\/wp-json\/wp\/v2\/pages\/234","targetHints":{"allow":["GET"]}}],"collection":[{"href":"https:\/\/matecomangu.org\/festival2017\/wp-json\/wp\/v2\/pages"}],"about":[{"href":"https:\/\/matecomangu.org\/festival2017\/wp-json\/wp\/v2\/types\/page"}],"author":[{"embeddable":true,"href":"https:\/\/matecomangu.org\/festival2017\/wp-json\/wp\/v2\/users\/1"}],"replies":[{"embeddable":true,"href":"https:\/\/matecomangu.org\/festival2017\/wp-json\/wp\/v2\/comments?post=234"}],"version-history":[{"count":3,"href":"https:\/\/matecomangu.org\/festival2017\/wp-json\/wp\/v2\/pages\/234\/revisions"}],"predecessor-version":[{"id":279,"href":"https:\/\/matecomangu.org\/festival2017\/wp-json\/wp\/v2\/pages\/234\/revisions\/279"}],"up":[{"embeddable":true,"href":"https:\/\/matecomangu.org\/festival2017\/wp-json\/wp\/v2\/pages\/207"}],"wp:attachment":[{"href":"https:\/\/matecomangu.org\/festival2017\/wp-json\/wp\/v2\/media?parent=234"}],"curies":[{"name":"wp","href":"https:\/\/api.w.org\/{rel}","templated":true}]}}