{"id":7,"date":"2017-03-23T17:47:36","date_gmt":"2017-03-23T20:47:36","guid":{"rendered":"http:\/\/matecomangu.org\/festival2017\/?page_id=7"},"modified":"2017-03-28T10:49:05","modified_gmt":"2017-03-28T13:49:05","slug":"pagina-inicial","status":"publish","type":"page","link":"https:\/\/matecomangu.org\/festival2017\/","title":{"rendered":"SOBRE O FESTIVAL"},"content":{"rendered":"<p align=\"left\"><span style=\"font-size: large;\"><span style=\"color: #000000;\"><span style=\"font-family: Arial;\">O <\/span><\/span><span style=\"color: #000000;\"><span style=\"font-family: Arial;\"><b>Festival Mate Com Angu de Cinema Popular <\/b><\/span><\/span><span style=\"color: #000000;\"><span style=\"font-family: Arial;\">entra em sua terceira edi\u00e7\u00e3o com todo o g\u00e1s. E com essa ideia na veia: levar a magia e a reflex\u00e3o cinematogr\u00e1fica para o cotidiano d<\/span><\/span><span style=\"color: #000000;\"><span style=\"font-family: Arial;\">a vida na Baixada.<\/span><\/span> <\/span><\/p>\n<p><span style=\"color: #000000;\"><span style=\"font-family: Arial;\"><span style=\"font-size: large;\">O evento contar\u00e1 com proje\u00e7\u00f5es de filmes em pra\u00e7a p\u00fablica, debates sobre a linguagem audiovisual e seus modos de produ\u00e7\u00e3o, reunir\u00e1 realizadores da Baixada e de outras \u00e1reas perif\u00e9ricas do pa\u00eds e lan\u00e7ar\u00e1 em terras fluminenses longas-metragens de peso da atual produ\u00e7\u00e3o brasileira. Al\u00e9m de homenagear uma personalidade importante da hist\u00f3ria de nosso cinema.<\/span><\/span><\/span><\/p>\n<p>O Festival Mate Com Angu de Cinema Popular \u00a0acontecer\u00e1 em maio de 2017 e ser\u00e1 mais um evento potente a se juntar a onda de positividade que est\u00e1 mudando a cara da regi\u00e3o.<\/p>\n<p><span style=\"color: #000000;\"><span style=\"font-family: Arial;\"><span style=\"font-size: large;\">O evento \u00e9 uma realiza\u00e7\u00e3o do Cineclube Mate Com Angu e da Terreiro de Ideias, com recursos do edital para Mostras e Festivais da RioFilme e Secretaria de Estado de Cultura do Rio de Janeiro.<\/span><\/span><\/span><\/p>\n<p><span style=\"color: #000000;\"><span style=\"font-family: Arial;\"><span style=\"font-size: large;\">Parceiros do Festival: Gomeia Galp\u00e3o Criativo, Ponto de Cultura Lira de Ouro, Instituto Hist\u00f3rico de Duque de Caxias.<\/span><\/span><\/span><\/p>\n","protected":false},"excerpt":{"rendered":"<p>O Festival Mate Com Angu de Cinema Popular entra em sua terceira edi\u00e7\u00e3o com todo o g\u00e1s. E com essa ideia na veia: levar a magia e a reflex\u00e3o cinematogr\u00e1fica para o cotidiano da vida na Baixada. O evento contar\u00e1 com proje\u00e7\u00f5es de filmes em pra\u00e7a p\u00fablica, debates sobre a linguagem audiovisual e seus modos &hellip; <\/p>\n<p class=\"link-more\"><a href=\"https:\/\/matecomangu.org\/festival2017\/\" class=\"more-link\">Continue lendo<span class=\"screen-reader-text\"> &#8220;SOBRE O FESTIVAL&#8221;<\/span><\/a><\/p>\n","protected":false},"author":1,"featured_media":49,"parent":0,"menu_order":0,"comment_status":"closed","ping_status":"closed","template":"","meta":{"footnotes":""},"class_list":["post-7","page","type-page","status-publish","has-post-thumbnail","hentry"],"_links":{"self":[{"href":"https:\/\/matecomangu.org\/festival2017\/wp-json\/wp\/v2\/pages\/7","targetHints":{"allow":["GET"]}}],"collection":[{"href":"https:\/\/matecomangu.org\/festival2017\/wp-json\/wp\/v2\/pages"}],"about":[{"href":"https:\/\/matecomangu.org\/festival2017\/wp-json\/wp\/v2\/types\/page"}],"author":[{"embeddable":true,"href":"https:\/\/matecomangu.org\/festival2017\/wp-json\/wp\/v2\/users\/1"}],"replies":[{"embeddable":true,"href":"https:\/\/matecomangu.org\/festival2017\/wp-json\/wp\/v2\/comments?post=7"}],"version-history":[{"count":6,"href":"https:\/\/matecomangu.org\/festival2017\/wp-json\/wp\/v2\/pages\/7\/revisions"}],"predecessor-version":[{"id":76,"href":"https:\/\/matecomangu.org\/festival2017\/wp-json\/wp\/v2\/pages\/7\/revisions\/76"}],"wp:featuredmedia":[{"embeddable":true,"href":"https:\/\/matecomangu.org\/festival2017\/wp-json\/wp\/v2\/media\/49"}],"wp:attachment":[{"href":"https:\/\/matecomangu.org\/festival2017\/wp-json\/wp\/v2\/media?parent=7"}],"curies":[{"name":"wp","href":"https:\/\/api.w.org\/{rel}","templated":true}]}}