{"id":165,"date":"2022-11-03T20:20:31","date_gmt":"2022-11-03T20:20:31","guid":{"rendered":"https:\/\/matecomangu.org\/festival4\/?page_id=165"},"modified":"2022-11-14T18:58:24","modified_gmt":"2022-11-14T18:58:24","slug":"dia-12-11-sabado","status":"publish","type":"page","link":"https:\/\/matecomangu.org\/festival4\/dia-12-11-sabado\/","title":{"rendered":"DIA 12\/11 &#8211; S\u00c1BADO"},"content":{"rendered":"<h3 style=\"text-align: left;\">GOMEIA GALP\u00c3O CRIATIVO<\/h3>\n<h4 style=\"text-align: left;\"><strong>20h \u2013 Sess\u00e3o Especial 20 Anos<\/strong><\/h4>\n<p style=\"text-align: left;\">Exibi\u00e7\u00e3o dos vencedores do Baixada 1 Minuto<br \/>\nExibi\u00e7\u00e3o dos curtas vencedores da Mostra Competitiva<\/p>\n<p style=\"text-align: left;\">Filme surpresa&#8230; Pr\u00e9-estreia saindo do forno&#8230;<\/p>\n<p style=\"text-align: left;\">Opera\u00e7\u00e3o Morengueira, dire\u00e7\u00e3o de Victor God\u00f4 Quincas Ferreira e Chico Serra<br \/>\n16\u201951, RJ, 2005<\/p>\n<p style=\"text-align: left;\">Fragmentos de Um Cinema Amoroso, dire\u00e7\u00e3o Heraldo HB e Sabrina Bitencourt<br \/>\n15\u201945, RJ, 2020<\/p>\n<p style=\"text-align: left;\">Show com Gente Estranha no Jardim<\/p>\n<p style=\"text-align: left;\">Show com o Barrac\u00e3o<\/p>\n<p style=\"text-align: left;\">Festa Vintona, com DJ Rodrigo Cavalcanti<\/p>\n","protected":false},"excerpt":{"rendered":"<p>GOMEIA GALP\u00c3O CRIATIVO 20h \u2013 Sess\u00e3o Especial 20 Anos Exibi\u00e7\u00e3o dos vencedores do Baixada 1 Minuto Exibi\u00e7\u00e3o dos curtas vencedores da Mostra Competitiva Filme surpresa&#8230; Pr\u00e9-estreia saindo do forno&#8230; Opera\u00e7\u00e3o Morengueira, dire\u00e7\u00e3o de Victor God\u00f4 Quincas Ferreira e Chico Serra 16\u201951, RJ, 2005 Fragmentos de Um Cinema Amoroso, dire\u00e7\u00e3o Heraldo HB e Sabrina Bitencourt 15\u201945,&hellip; <br \/> <a class=\"button small blue\" href=\"https:\/\/matecomangu.org\/festival4\/dia-12-11-sabado\/\">Leia mais<\/a><\/p>\n","protected":false},"author":1,"featured_media":0,"parent":0,"menu_order":0,"comment_status":"closed","ping_status":"closed","template":"","meta":{"footnotes":""},"class_list":["post-165","page","type-page","status-publish","hentry"],"featured_image_src":null,"_links":{"self":[{"href":"https:\/\/matecomangu.org\/festival4\/wp-json\/wp\/v2\/pages\/165","targetHints":{"allow":["GET"]}}],"collection":[{"href":"https:\/\/matecomangu.org\/festival4\/wp-json\/wp\/v2\/pages"}],"about":[{"href":"https:\/\/matecomangu.org\/festival4\/wp-json\/wp\/v2\/types\/page"}],"author":[{"embeddable":true,"href":"https:\/\/matecomangu.org\/festival4\/wp-json\/wp\/v2\/users\/1"}],"replies":[{"embeddable":true,"href":"https:\/\/matecomangu.org\/festival4\/wp-json\/wp\/v2\/comments?post=165"}],"version-history":[{"count":6,"href":"https:\/\/matecomangu.org\/festival4\/wp-json\/wp\/v2\/pages\/165\/revisions"}],"predecessor-version":[{"id":246,"href":"https:\/\/matecomangu.org\/festival4\/wp-json\/wp\/v2\/pages\/165\/revisions\/246"}],"wp:attachment":[{"href":"https:\/\/matecomangu.org\/festival4\/wp-json\/wp\/v2\/media?parent=165"}],"curies":[{"name":"wp","href":"https:\/\/api.w.org\/{rel}","templated":true}]}}