{"id":169,"date":"2022-11-03T20:21:31","date_gmt":"2022-11-03T20:21:31","guid":{"rendered":"https:\/\/matecomangu.org\/festival4\/?page_id=169"},"modified":"2022-11-06T13:23:10","modified_gmt":"2022-11-06T13:23:10","slug":"dia-15-11-terca-feira","status":"publish","type":"page","link":"https:\/\/matecomangu.org\/festival4\/dia-15-11-terca-feira\/","title":{"rendered":"DIA 15\/11 &#8211; TER\u00c7A-FEIRA"},"content":{"rendered":"<h3 style=\"text-align: left;\"><strong>CINEMATECA DO MAM<\/strong><\/h3>\n<h4 style=\"text-align: left;\">16h \u2013 Sess\u00e3o Panorama BXD<\/h4>\n<p style=\"text-align: left;\">Suellen e a Di\u00e1spora Perif\u00e9rica, dire\u00e7\u00e3o de Renata Dorea<br \/>\nRJ, 2020, 4&#8217;00&#8221;<\/p>\n<p style=\"text-align: left;\">Neguinho, dire\u00e7\u00e3o de Mar\u00e7al Vianna<br \/>\nRJ, 2020, 20\u201933\u201d<\/p>\n<p style=\"text-align: left;\">Jo\u00e3ozinho da Gomeia, o Rei do Candombl\u00e9, dire\u00e7\u00e3o de Jana\u00edna Oliveira ReFem e Rodrigo Dutra<br \/>\nRJ, 2019, 14\u201924\u201d<\/p>\n<p style=\"text-align: left;\">M\u00fasica Popular Bus\u00e3o, dire\u00e7\u00e3o de Sandro Garcia<br \/>\nRJ, 2022, 10\u201900\u201d<\/p>\n<p style=\"text-align: left;\">Meu Nome \u00e9 Maalum , dire\u00e7\u00e3o de Magna Domingues<br \/>\nRJ, 2021, 8&#8242;<\/p>\n<p style=\"text-align: left;\">Nicinha N\u00e3o Vem, dire\u00e7\u00e3o de Muriel Alves<br \/>\nRJ, 2021, 04\u201919\u201d<\/p>\n<p style=\"text-align: left;\">Todo o Dia Voc\u00ea Vai Ter que Olhar pra Isso, dire\u00e7\u00e3o Heraldo HB<br \/>\nRJ, 2020, 11\u201937\u2019\u2019<\/p>\n<p style=\"text-align: left;\">Terra de Muitas \u00c1guas, dire\u00e7\u00e3o de Catu Rizo<br \/>\nRJ, 2019, 20\u201909\u2019\u2019<\/p>\n<p style=\"text-align: left;\">\n","protected":false},"excerpt":{"rendered":"<p>CINEMATECA DO MAM 16h \u2013 Sess\u00e3o Panorama BXD Suellen e a Di\u00e1spora Perif\u00e9rica, dire\u00e7\u00e3o de Renata Dorea RJ, 2020, 4&#8217;00&#8221; Neguinho, dire\u00e7\u00e3o de Mar\u00e7al Vianna RJ, 2020, 20\u201933\u201d Jo\u00e3ozinho da Gomeia, o Rei do Candombl\u00e9, dire\u00e7\u00e3o de Jana\u00edna Oliveira ReFem e Rodrigo Dutra RJ, 2019, 14\u201924\u201d M\u00fasica Popular Bus\u00e3o, dire\u00e7\u00e3o de Sandro Garcia RJ, 2022,&hellip; <br \/> <a class=\"button small blue\" href=\"https:\/\/matecomangu.org\/festival4\/dia-15-11-terca-feira\/\">Leia mais<\/a><\/p>\n","protected":false},"author":1,"featured_media":0,"parent":0,"menu_order":0,"comment_status":"closed","ping_status":"closed","template":"","meta":{"footnotes":""},"class_list":["post-169","page","type-page","status-publish","hentry"],"featured_image_src":null,"_links":{"self":[{"href":"https:\/\/matecomangu.org\/festival4\/wp-json\/wp\/v2\/pages\/169","targetHints":{"allow":["GET"]}}],"collection":[{"href":"https:\/\/matecomangu.org\/festival4\/wp-json\/wp\/v2\/pages"}],"about":[{"href":"https:\/\/matecomangu.org\/festival4\/wp-json\/wp\/v2\/types\/page"}],"author":[{"embeddable":true,"href":"https:\/\/matecomangu.org\/festival4\/wp-json\/wp\/v2\/users\/1"}],"replies":[{"embeddable":true,"href":"https:\/\/matecomangu.org\/festival4\/wp-json\/wp\/v2\/comments?post=169"}],"version-history":[{"count":4,"href":"https:\/\/matecomangu.org\/festival4\/wp-json\/wp\/v2\/pages\/169\/revisions"}],"predecessor-version":[{"id":211,"href":"https:\/\/matecomangu.org\/festival4\/wp-json\/wp\/v2\/pages\/169\/revisions\/211"}],"wp:attachment":[{"href":"https:\/\/matecomangu.org\/festival4\/wp-json\/wp\/v2\/media?parent=169"}],"curies":[{"name":"wp","href":"https:\/\/api.w.org\/{rel}","templated":true}]}}

DIA 15/11 &#8211; TERÇA-FEIRA

<h3 style="text-align: left;"><strong>CINEMATECA DO MAM</strong></h3>
<h4 style="text-align: left;">16h – Sessão Panorama BXD</h4>
<p style="text-align: left;">Suellen e a Diáspora Periférica, direção de Renata Dorea<br />
RJ, 2020, 4&#8217;00&#8221;</p>
<p style="text-align: left;">Neguinho, direção de Marçal Vianna<br />
RJ, 2020, 20’33”</p>
<p style="text-align: left;">Joãozinho da Gomeia, o Rei do Candomblé, direção de Janaína Oliveira ReFem e Rodrigo Dutra<br />
RJ, 2019, 14’24”</p>
<p style="text-align: left;">Música Popular Busão, direção de Sandro Garcia<br />
RJ, 2022, 10’00”</p>
<p style="text-align: left;">Meu Nome é Maalum , direção de Magna Domingues<br />
RJ, 2021, 8&#8242;</p>
<p style="text-align: left;">Nicinha Não Vem, direção de Muriel Alves<br />
RJ, 2021, 04’19”</p>
<p style="text-align: left;">Todo o Dia Você Vai Ter que Olhar pra Isso, direção Heraldo HB<br />
RJ, 2020, 11’37’’</p>
<p style="text-align: left;">Terra de Muitas Águas, direção de Catu Rizo<br />
RJ, 2019, 20’09’’</p>
<p style="text-align: left;">

<p>CINEMATECA DO MAM 16h – Sessão Panorama BXD Suellen e a Diáspora Periférica, direção de Renata Dorea RJ, 2020, 4&#8217;00&#8221; Neguinho, direção de Marçal Vianna RJ, 2020, 20’33” Joãozinho da Gomeia, o Rei do Candomblé, direção de Janaína Oliveira ReFem e Rodrigo Dutra RJ, 2019, 14’24” Música Popular Busão, direção de Sandro Garcia RJ, 2022,&hellip; <br /> <a class="button small blue" href="https://matecomangu.org/festival4/dia-15-11-terca-feira/">Leia mais</a></p>
