{"id":143,"date":"2025-09-17T15:49:42","date_gmt":"2025-09-17T15:49:42","guid":{"rendered":"https:\/\/matecomangu.org\/festival5\/?page_id=143"},"modified":"2025-10-19T15:10:11","modified_gmt":"2025-10-19T15:10:11","slug":"dia-24-10-sexta-feira","status":"publish","type":"page","link":"https:\/\/matecomangu.org\/festival5\/index.php\/dia-24-10-sexta-feira\/","title":{"rendered":"DIA 24\/10, SEXTA-FEIRA"},"content":{"rendered":"<p><strong>Casar\u00e3o Cultural:<\/strong><br \/>\n15h \u2013 Mostra Competitiva Nacional 1<br \/>\n18h \u2013 Exibi\u00e7\u00e3o do filme Progresso Primavera, de Igor Barradas (32min) \u2013 Debate em comemora\u00e7\u00e3o dos 25 anos do curta que marcou a hist\u00f3ria do Jardim Primavera.<br \/>\n20h \u2013 Mostra Competitiva Nacional 2<\/p>\n<p><strong>Gomeia Galp\u00e3o Criativo:<\/strong><br \/>\n19h20min: Mostra Competitiva Nacional 3<br \/>\n21h: Curta de abertura: Filme Sem Querer, dire\u00e7\u00e3o de Lincoln P\u00e9ricles (25min)<br \/>\nTerror Mandel\u00e3o, longa-metragem de Felipe Larozza e GG Albuquerque<br \/>\nSinopse: Um dos principais DJs da cena perif\u00e9rica da cidade de S\u00e3o Paulo, DJ K est\u00e1 na companhia de MC Zero K, algu\u00e9m que acaba de emplacar o seu primeiro grande sucesso na cena dos bailes funk da quebrada paulistana.<br \/>\n75min<\/p>\n<p>&nbsp;<\/p>\n<p><strong>ENDERE\u00c7OS:<\/strong><\/p>\n<p><strong>Casar\u00e3o Cultural<\/strong><br \/>\nAv Primavera, 761, Jardim Primavera, Duque de Caxias, RJ<br \/>\nhttps:\/\/maps.app.goo.gl\/DhzevesQxtHwdwKZ8<\/p>\n<p><strong>Gomeia Galp\u00e3o Criativo<\/strong><br \/>\nRua Dr. Lauro Neiva, 32, Duque de Caxias, RJ<br \/>\nhttps:\/\/maps.app.goo.gl\/qh9pVQ3BihdJbfdu8<\/p>\n<p><strong>Pra\u00e7a da esta\u00e7\u00e3o de Imbari\u00ea<\/strong><br \/>\nPra\u00e7a Ern\u00e2ni do Amaral Peixoto, 3156, Imbari\u00ea, Duque de Caxias, RJ<br \/>\nhttps:\/\/maps.app.goo.gl\/9vAPB8udCLmdv23D6<\/p>\n","protected":false},"excerpt":{"rendered":"<p>Casar\u00e3o Cultural: 15h \u2013 Mostra Competitiva Nacional 1 18h \u2013 Exibi\u00e7\u00e3o do filme Progresso Primavera, de Igor Barradas (32min) \u2013 Debate em comemora\u00e7\u00e3o dos 25 anos do curta que marcou a hist\u00f3ria do Jardim Primavera. 20h \u2013 Mostra Competitiva Nacional 2 Gomeia Galp\u00e3o Criativo: 19h20min: Mostra Competitiva Nacional 3 21h: Curta de abertura: Filme Sem &hellip; <\/p>\n","protected":false},"author":1,"featured_media":0,"parent":0,"menu_order":0,"comment_status":"closed","ping_status":"closed","template":"","meta":{"footnotes":""},"class_list":["post-143","page","type-page","status-publish","hentry"],"_links":{"self":[{"href":"https:\/\/matecomangu.org\/festival5\/index.php\/wp-json\/wp\/v2\/pages\/143","targetHints":{"allow":["GET"]}}],"collection":[{"href":"https:\/\/matecomangu.org\/festival5\/index.php\/wp-json\/wp\/v2\/pages"}],"about":[{"href":"https:\/\/matecomangu.org\/festival5\/index.php\/wp-json\/wp\/v2\/types\/page"}],"author":[{"embeddable":true,"href":"https:\/\/matecomangu.org\/festival5\/index.php\/wp-json\/wp\/v2\/users\/1"}],"replies":[{"embeddable":true,"href":"https:\/\/matecomangu.org\/festival5\/index.php\/wp-json\/wp\/v2\/comments?post=143"}],"version-history":[{"count":5,"href":"https:\/\/matecomangu.org\/festival5\/index.php\/wp-json\/wp\/v2\/pages\/143\/revisions"}],"predecessor-version":[{"id":218,"href":"https:\/\/matecomangu.org\/festival5\/index.php\/wp-json\/wp\/v2\/pages\/143\/revisions\/218"}],"wp:attachment":[{"href":"https:\/\/matecomangu.org\/festival5\/index.php\/wp-json\/wp\/v2\/media?parent=143"}],"curies":[{"name":"wp","href":"https:\/\/api.w.org\/{rel}","templated":true}]}}