{"id":147,"date":"2025-09-17T15:50:08","date_gmt":"2025-09-17T15:50:08","guid":{"rendered":"https:\/\/matecomangu.org\/festival5\/?page_id=147"},"modified":"2025-10-19T15:10:49","modified_gmt":"2025-10-19T15:10:49","slug":"dia-26-10-domingo","status":"publish","type":"page","link":"https:\/\/matecomangu.org\/festival5\/index.php\/dia-26-10-domingo\/","title":{"rendered":"DIA 26\/10, DOMINGO"},"content":{"rendered":"<p><strong>Casar\u00e3o Cultural:<\/strong><br \/>\n15h \u2013 Mostra Panorama Fluminense<br \/>\n16h \u2013 Feira Criativa com Expositores da BXD, Sarau com o microfone aberto e apresenta\u00e7\u00e3o do grupo Mantiquira<br \/>\n17h \u2013 Mostra Competitiva telaBXD 2<br \/>\n19h \u2013 Mostra Competitiva Nacional 4<\/p>\n<p><strong>Pra\u00e7a da Esta\u00e7\u00e3o de Imbari\u00ea<\/strong><br \/>\n19h \u2013 Cinema ao ar livre<br \/>\nCurta de abertura: Arruma um Pessoal pra Gente Botar uma Macumba num Disco, dire\u00e7\u00e3o de Chico Serra (20min)<br \/>\nLuiz Melodia \u2013 No Cora\u00e7\u00e3o do Brasil. Longa-metragem de Alessandra Dorgan<br \/>\nSinopse: Uma viagem sonora e visual, com materiais raros e in\u00e9ditos de arquivo, que retrata a vida e obra do grande cantor e compositor brasileiro, Luiz Melodia. O document\u00e1rio musical d\u00e1 voz ao artista, que ao abra\u00e7ar sua liberdade e originalidade, desafiou muitas normas no mercado fonogr\u00e1fico e cultural brasileiro.<br \/>\n85min<br \/>\nCom o Cineclube Imbari\u00ea nos Trilhos<\/p>\n<p>&nbsp;<\/p>\n<p><strong>ENDERE\u00c7OS:<\/strong><\/p>\n<p><strong>Casar\u00e3o Cultural<\/strong><br \/>\nAv Primavera, 761, Jardim Primavera, Duque de Caxias, RJ<br \/>\nhttps:\/\/maps.app.goo.gl\/DhzevesQxtHwdwKZ8<\/p>\n<p><strong>Pra\u00e7a da esta\u00e7\u00e3o de Imbari\u00ea<\/strong><br \/>\nPra\u00e7a Ern\u00e2ni do Amaral Peixoto, 3156, Imbari\u00ea, Duque de Caxias, RJ<br \/>\nhttps:\/\/maps.app.goo.gl\/9vAPB8udCLmdv23D6<\/p>\n","protected":false},"excerpt":{"rendered":"<p>Casar\u00e3o Cultural: 15h \u2013 Mostra Panorama Fluminense 16h \u2013 Feira Criativa com Expositores da BXD, Sarau com o microfone aberto e apresenta\u00e7\u00e3o do grupo Mantiquira 17h \u2013 Mostra Competitiva telaBXD 2 19h \u2013 Mostra Competitiva Nacional 4 Pra\u00e7a da Esta\u00e7\u00e3o de Imbari\u00ea 19h \u2013 Cinema ao ar livre Curta de abertura: Arruma um Pessoal pra &hellip; <\/p>\n","protected":false},"author":1,"featured_media":0,"parent":0,"menu_order":0,"comment_status":"closed","ping_status":"closed","template":"","meta":{"footnotes":""},"class_list":["post-147","page","type-page","status-publish","hentry"],"_links":{"self":[{"href":"https:\/\/matecomangu.org\/festival5\/index.php\/wp-json\/wp\/v2\/pages\/147","targetHints":{"allow":["GET"]}}],"collection":[{"href":"https:\/\/matecomangu.org\/festival5\/index.php\/wp-json\/wp\/v2\/pages"}],"about":[{"href":"https:\/\/matecomangu.org\/festival5\/index.php\/wp-json\/wp\/v2\/types\/page"}],"author":[{"embeddable":true,"href":"https:\/\/matecomangu.org\/festival5\/index.php\/wp-json\/wp\/v2\/users\/1"}],"replies":[{"embeddable":true,"href":"https:\/\/matecomangu.org\/festival5\/index.php\/wp-json\/wp\/v2\/comments?post=147"}],"version-history":[{"count":5,"href":"https:\/\/matecomangu.org\/festival5\/index.php\/wp-json\/wp\/v2\/pages\/147\/revisions"}],"predecessor-version":[{"id":220,"href":"https:\/\/matecomangu.org\/festival5\/index.php\/wp-json\/wp\/v2\/pages\/147\/revisions\/220"}],"wp:attachment":[{"href":"https:\/\/matecomangu.org\/festival5\/index.php\/wp-json\/wp\/v2\/media?parent=147"}],"curies":[{"name":"wp","href":"https:\/\/api.w.org\/{rel}","templated":true}]}}