{"id":196,"date":"2025-10-12T15:00:25","date_gmt":"2025-10-12T15:00:25","guid":{"rendered":"https:\/\/matecomangu.org\/festival5\/?page_id=196"},"modified":"2025-10-20T20:19:25","modified_gmt":"2025-10-20T20:19:25","slug":"filmes-por-sessao","status":"publish","type":"page","link":"https:\/\/matecomangu.org\/festival5\/index.php\/filmes-por-sessao\/","title":{"rendered":"FILMES POR SESS\u00c3O"},"content":{"rendered":"<p><strong>COMPETITIVA NACIONAL 1 (dia 01\/11, 18h, no Gomeia \/ dia 24\/10, 15h, no Casar\u00e3o)<\/strong><br \/>\nMem\u00f3ria das \u00c1guas, dire\u00e7\u00e3o de Catu Rizo (Nil\u00f3polis\/RJ &#8211; 20min)<br \/>\nO C\u00e9u N\u00e3o Sabe Meu Nome, dire\u00e7\u00e3o de Carol A\u00d3 (BA &#8211; 20min)<br \/>\nFam\u00edlia Nascimento, dire\u00e7\u00e3o de Ingrid Nascimento e Victor Nascimento (SP &#8211; 19min)<br \/>\nFogo nos Macacos, dire\u00e7\u00e3o de Clementino Junior e Daiana de Souza (RJ &#8211; 20min)<br \/>\nTalvez Meu Pai Seja Negro, dire\u00e7\u00e3o de Fl\u00e1via Santana (BA &#8211; 24min)<\/p>\n<p><strong>COMPETITIVA NACIONAL 2 (dia 25\/10, 20h15min, no Gomeia \/ dia 24\/10, 20h, no Casar\u00e3o)<\/strong><br \/>\nE Seu Corpo \u00e9 Belo, dire\u00e7\u00e3o de Yuri Costa (Nil\u00f3polis\/RJ &#8211; 24min)<br \/>\nPonto e V\u00edrgula, dire\u00e7\u00e3o de Thiago Kistenmacker (RJ &#8211; 17min)<br \/>\nLinda do Ros\u00e1rio, dire\u00e7\u00e3o de Vladimir Seixas (RJ &#8211; 19min)<br \/>\nDeixa, dire\u00e7\u00e3o de Mariana Jaspe (RJ &#8211; 15min)<br \/>\nVoll\u00fapya, dire\u00e7\u00e3o de \u00c9ri Sarmet e Jocimar Dias Jr (Niter\u00f3i\/RJ &#8211; 21min)<\/p>\n<p><strong>COMPETITIVA NACIONAL 3 (dia 24\/10, 19h20min, no Gomeia; dia 25\/10, 20h, no Casar\u00e3o)<\/strong><br \/>\nMarmita, dire\u00e7\u00e3o de Guilherme Peraro (PR &#8211; 21min)<br \/>\nSegunda-feira, ent\u00e3o, dire\u00e7\u00e3o de J\u00falio Pereira (PE &#8211; 24min)<br \/>\nTicar Bod\u00f3, dire\u00e7\u00e3o de Luis E.S. Fernandes (AM &#8211; 13min)<br \/>\nV\u00e3o das Almas, dire\u00e7\u00e3o de Edileuza Penha de Souza e Santiago Dellape (DF &#8211; 15min)<br \/>\nCord\u00e3o de Prata, dire\u00e7\u00e3o de Get\u00falio Ribeiro (Nova Igua\u00e7u &#8211; 23min)<\/p>\n<p><strong>COMPETITIVA NACIONAL 4\u00a0 (dia 31\/10, 18h, no Gomeia; dia 26\/10, 19h, no Casar\u00e3o)<\/strong><br \/>\nPa\u00e7oca, dire\u00e7\u00e3o de Mar\u00e7al Vianna (Nova Igua\u00e7u &#8211; 19min)<br \/>\nA vida de Jer\u00f4nimo dentro e fora da casca, dire\u00e7\u00e3o de Andrews Nascimento (SP &#8211; 20min)<br \/>\nMansos, dire\u00e7\u00e3o de Juliana Seg\u00f3via (MT &#8211; 20min)<br \/>\nBenedita, dire\u00e7\u00e3o de Lane Lopes e Cadu Azevedo (RJ &#8211; 19min)<br \/>\nNosso Panfleto Seria Assim, dire\u00e7\u00e3o de Leandro Ol\u00edmpio (SP &#8211; 25min)<\/p>\n<p><strong>COMPETITIVA NACIONAL 5 (dia 31\/10, 16h, no Gomeia; dia 25\/10, 16h, no Casar\u00e3o)<\/strong><br \/>\nKIV, dire\u00e7\u00e3o de Cezar Maia (PE &#8211; 25min)<br \/>\nSERT\u00c3O 2138, dire\u00e7\u00e3o de Deuilton B J\u00fanior (PE &#8211; 19min)<br \/>\nCavaram uma Cova no meu Cora\u00e7\u00e3o, dire\u00e7\u00e3o de Ulisses Arthur (AL &#8211; 23min)<br \/>\nSil\u00eancio Elementar, dire\u00e7\u00e3o de Mariana de Melo (SP &#8211; 15min)<br \/>\nA Primeira \u00daltima Esta\u00e7\u00e3o, dire\u00e7\u00e3o de Marcos Vinicios de Souza e Jay Preto (RJ &#8211; 14min)<\/p>\n<p><strong>SESS\u00c3O PANORAMA FLUMINENSE (dia 26\/10, 15h, no Casar\u00e3o)<\/strong><br \/>\nCorrenteza, dire\u00e7\u00e3o de Gabriel F. Coelho e Tati Yamahata (RJ &#8211; 23min)<br \/>\nCoisa de Preto, dire\u00e7\u00e3o de P\u00e2mela Peregrino (RJ\/SE &#8211; 7min)<br \/>\nMem\u00f3rias do Jongo Congola, dire\u00e7\u00e3o de Andr\u00e9 Sandino (RJ &#8211; 25min)<br \/>\nParla Italiano, dire\u00e7\u00e3o de Caim e Rastricinha Dorneles (RJ &#8211; 15min)<br \/>\nEstrela Brava, dire\u00e7\u00e3o de Jorge Polo (RJ &#8211; 24min)<\/p>\n<p><strong>COMPETITIVA TELABXD 1 (dia 01\/11,19hmin, no Gomeia; dia 25\/10, 18h, no Casar\u00e3o)<\/strong><br \/>\nDo Outro Lado da Linha, dire\u00e7\u00e3o de Beto Teixeira (Nova Igua\u00e7u &#8211; 12min)<br \/>\nFavela da Vila Oper\u00e1ria &#8211; Uma hist\u00f3ria de resist\u00eancia constru\u00edda por Jos\u00e9 de Jesus, o Sr. Barbosa, dire\u00e7\u00e3o de Lu Brasil (Duque de Caxias &#8211; 20min)<br \/>\nMulheres Negras e a Cerzidura da Mem\u00f3ria, dire\u00e7\u00e3o de Bruna MarRa e Vandr\u00e9 Nascimento (Duque de Caxias &#8211; 15min)<br \/>\nDa Sua, Maria, dire\u00e7\u00e3o de Magna Domingues (S\u00e3o Jo\u00e3o de Meriti &#8211; 20min)<br \/>\nCor, dire\u00e7\u00e3o de Maz\u00e9 Mixo (Nova Igua\u00e7u &#8211; 24min)<\/p>\n<p><strong>COMPETITIVA TELABXD 2 (dia 25\/10, 17h, no Gomeia; dia 26\/10, 17h, no Casar\u00e3o)<\/strong><br \/>\nEssa \u00e9 Nossa Bandeira, dire\u00e7\u00e3o de Mateus Carvalho (Nil\u00f3polis &#8211; 13min)<br \/>\nDura na Queda, dire\u00e7\u00e3o de Tatiane Campos (15min)<br \/>\nDuque de Caxias, o Albergue do Rock, dire\u00e7\u00e3o de Guilherme Zani (Duque de Caxias &#8211; 21min)<br \/>\nCarpideiras do Rio, dire\u00e7\u00e3o de Josy Antunes (Nova Igua\u00e7u &#8211; 3min)<br \/>\nSobre N\u00f3s, dire\u00e7\u00e3o de Marina Maux (Duque de Caxias &#8211; 11min)<br \/>\nA Cor do Cinema, dire\u00e7\u00e3o de Mica Lopes e Vio Anchieta (Duque de Caxias\/Belford Roxo &#8211; 14min)<br \/>\nDon\u00e9 Concei\u00e7\u00e3o, dire\u00e7\u00e3o de Nil Mendon\u00e7a e Alexy Eloi (Duque de Caxias\/Japeri &#8211; 17min)<\/p>\n<p><strong>SESS\u00c3O ESCOLA 1 (dia 31\/10, 14h, na Escola Municipal Santa Luzia)<\/strong><br \/>\nAs Melhores, dire\u00e7\u00e3o de Renata Mizrahi (25min)<br \/>\nA Menina Que Queria Voar, dire\u00e7\u00e3o de Tais Amordivino (20min)<br \/>\nMarca\u00e7\u00e3o Cerrada, dire\u00e7\u00e3o de Rodolfo Medeiros (20min)<br \/>\nO Som da Pele, dire\u00e7\u00e3o de Marcos Santos (22min)<br \/>\nPassa a Bola, dire\u00e7\u00e3o de Guilherme Herrera Falchi (15min)<\/p>\n<p><strong>SESS\u00c3O ESCOLA 2 (dia 31\/10, 14h, no Gomeia)<\/strong><br \/>\nMarungo, dire\u00e7\u00e3o de Jeronimo Vilhena e Manoel Vilhena Saldanha (RJ &#8211; 13min)<br \/>\nComadres, dire\u00e7\u00e3o de Cristina dos Santos e Juliana Gomes (ES &#8211; 11min)<br \/>\nO Despertar de Aiyra, dire\u00e7\u00e3o de Duda Rodrigues e Juliana Rogge (SP &#8211; 19min)<br \/>\nMedo Monstro, dire\u00e7\u00e3o de Andrew Gledson e Eduardo Padr\u00e3o (PE &#8211; 10min)<br \/>\nNo In\u00edcio do Mundo, dire\u00e7\u00e3o de Gabriel Marcos (MG &#8211; 24min)<\/p>\n<p><strong>FILMES HORS CONCOURS<\/strong><br \/>\nArruma um Pessoal pra Gente Botar uma Macumba num Disco, dire\u00e7\u00e3o de Chico Serra (RJ &#8211; 20min)<br \/>\nDois Nilos, dire\u00e7\u00e3o de Samuel Lobo e Rodrigo de Janeiro (RJ &#8211; 18min)<br \/>\nFilme Sem Querer, dire\u00e7\u00e3o de Lincoln P\u00e9ricles (SP &#8211; 25min)<br \/>\nAl\u00e1fia, dire\u00e7\u00e3o de Cecilia Fontenele (PB &#8211; 15min)<\/p>\n","protected":false},"excerpt":{"rendered":"<p>COMPETITIVA NACIONAL 1 (dia 01\/11, 18h, no Gomeia \/ dia 24\/10, 15h, no Casar\u00e3o) Mem\u00f3ria das \u00c1guas, dire\u00e7\u00e3o de Catu Rizo (Nil\u00f3polis\/RJ &#8211; 20min) O C\u00e9u N\u00e3o Sabe Meu Nome, dire\u00e7\u00e3o de Carol A\u00d3 (BA &#8211; 20min) Fam\u00edlia Nascimento, dire\u00e7\u00e3o de Ingrid Nascimento e Victor Nascimento (SP &#8211; 19min) Fogo nos Macacos, dire\u00e7\u00e3o de Clementino &hellip; <\/p>\n","protected":false},"author":1,"featured_media":0,"parent":0,"menu_order":0,"comment_status":"closed","ping_status":"closed","template":"","meta":{"footnotes":""},"class_list":["post-196","page","type-page","status-publish","hentry"],"_links":{"self":[{"href":"https:\/\/matecomangu.org\/festival5\/index.php\/wp-json\/wp\/v2\/pages\/196","targetHints":{"allow":["GET"]}}],"collection":[{"href":"https:\/\/matecomangu.org\/festival5\/index.php\/wp-json\/wp\/v2\/pages"}],"about":[{"href":"https:\/\/matecomangu.org\/festival5\/index.php\/wp-json\/wp\/v2\/types\/page"}],"author":[{"embeddable":true,"href":"https:\/\/matecomangu.org\/festival5\/index.php\/wp-json\/wp\/v2\/users\/1"}],"replies":[{"embeddable":true,"href":"https:\/\/matecomangu.org\/festival5\/index.php\/wp-json\/wp\/v2\/comments?post=196"}],"version-history":[{"count":12,"href":"https:\/\/matecomangu.org\/festival5\/index.php\/wp-json\/wp\/v2\/pages\/196\/revisions"}],"predecessor-version":[{"id":259,"href":"https:\/\/matecomangu.org\/festival5\/index.php\/wp-json\/wp\/v2\/pages\/196\/revisions\/259"}],"wp:attachment":[{"href":"https:\/\/matecomangu.org\/festival5\/index.php\/wp-json\/wp\/v2\/media?parent=196"}],"curies":[{"name":"wp","href":"https:\/\/api.w.org\/{rel}","templated":true}]}}