{"id":10,"date":"2010-10-09T06:31:11","date_gmt":"2010-10-09T06:31:11","guid":{"rendered":"http:\/\/www.mostraanguafrancesa.com.br\/?page_id=10"},"modified":"2010-10-09T06:31:11","modified_gmt":"2010-10-09T06:31:11","slug":"apoios","status":"publish","type":"page","link":"https:\/\/matecomangu.org\/mostraanguafrancesa\/apoios\/","title":{"rendered":"Como Chegar"},"content":{"rendered":"<p>O <strong>Sesc Caxias<\/strong> fica na rua General Argolo, 47, 25 de Agosto, pr\u00f3ximo ao Hospital Infantil. (Logo depois do Col\u00e9gio Futuro Caxias).<strong><a title=\"Clique aqui Para ver todo Mapa\" href=\"https:\/\/matecomangu.org\/mostraanguafrancesa\/wp-content\/uploads\/mapa-sesc-caxias.jpg\" target=\"_blank\"><img loading=\"lazy\" decoding=\"async\" class=\"alignnone size-full wp-image-153\" title=\"mini_mapasesc_caxias\" src=\"https:\/\/matecomangu.org\/mostraanguafrancesa\/wp-content\/uploads\/mini_mapasesc_caxias.jpg\" alt=\"\" width=\"500\" height=\"332\" srcset=\"https:\/\/matecomangu.org\/mostraanguafrancesa\/wp-content\/uploads\/mini_mapasesc_caxias.jpg 500w, https:\/\/matecomangu.org\/mostraanguafrancesa\/wp-content\/uploads\/mini_mapasesc_caxias-300x199.jpg 300w, https:\/\/matecomangu.org\/mostraanguafrancesa\/wp-content\/uploads\/mini_mapasesc_caxias-451x300.jpg 451w\" sizes=\"auto, (max-width: 500px) 100vw, 500px\" \/><\/a><\/strong><\/p>\n<p>Ou clique aqui para ver o no google maps: <a title=\"link para o google maps\" href=\"http:\/\/goo.gl\/maps\/njqX\" target=\"_blank\">http:\/\/goo.gl\/maps\/njqX<\/a><\/p>\n<p>A<strong> Lira de Ouro<\/strong> fica na rua Sebasti\u00e3o de Oliveira, 72, no centro de Caxias, pr\u00f3ximo ao cal\u00e7ad\u00e3o, paralela \u00e0 Av. Nilo Pe\u00e7anha. (Pr\u00f3ximo ao ponto final dos \u00f4nibus que fazem a linha S\u00e3o Jo\u00e3o x Caxias, da empresa Flores).<br \/>\n<a title=\"Clique aqui Para ver todo Mapa\" href=\"https:\/\/matecomangu.org\/mostraanguafrancesa\/wp-content\/uploads\/mapa-lira-de-ouro.jpg\" target=\"_blank\"><img loading=\"lazy\" decoding=\"async\" class=\"alignnone size-full wp-image-160\" title=\"mini_mapaliradeouro\" src=\"https:\/\/matecomangu.org\/mostraanguafrancesa\/wp-content\/uploads\/mini_mapaliradeouro.jpg\" alt=\"\" width=\"500\" height=\"332\" srcset=\"https:\/\/matecomangu.org\/mostraanguafrancesa\/wp-content\/uploads\/mini_mapaliradeouro.jpg 500w, https:\/\/matecomangu.org\/mostraanguafrancesa\/wp-content\/uploads\/mini_mapaliradeouro-300x199.jpg 300w, https:\/\/matecomangu.org\/mostraanguafrancesa\/wp-content\/uploads\/mini_mapaliradeouro-451x300.jpg 451w\" sizes=\"auto, (max-width: 500px) 100vw, 500px\" \/><\/a><\/p>\n<p>Ou clique aqui para ver o no google maps: <a title=\"link para o google maps\" href=\"http:\/\/goo.gl\/maps\/0Uc1\" target=\"_blank\">http:\/\/goo.gl\/maps\/0Uc1<br \/>\n<\/a>Obs da busca do Google, a Rua da Lira fica como R. Jos\u00e9 Verissimo.<\/p>\n<p><strong>\u00d4nibus para Caxias: <\/strong><br \/>\nEmpresa Limousine Carioca: <strong>Caxias x Central &#8211; Caxias x Castelo<\/strong>;<br \/>\nEmpresa Master: <strong>Jardim Leal x Central<\/strong>;<br \/>\nEmpresa Jurema: <strong>Caxias x Central via Nilo Pe\u00e7anha<\/strong>;<br \/>\nEmpresa Reginas: <strong>Vilar dos Teles x Pra\u00e7a XV, via Nilo Pe\u00e7anha<\/strong>.<\/p>\n","protected":false},"excerpt":{"rendered":"<p>O Sesc Caxias fica na rua General Argolo, 47, 25 de Agosto, pr\u00f3ximo ao Hospital Infantil. (Logo depois do Col\u00e9gio Futuro Caxias). Ou clique aqui para ver o no google maps: http:\/\/goo.gl\/maps\/njqX A Lira de Ouro fica na rua Sebasti\u00e3o &hellip; <a href=\"https:\/\/matecomangu.org\/mostraanguafrancesa\/apoios\/\">Continuar lendo <span class=\"meta-nav\">&rarr;<\/span><\/a><\/p>\n","protected":false},"author":3,"featured_media":0,"parent":0,"menu_order":2,"comment_status":"open","ping_status":"closed","template":"","meta":{"footnotes":""},"class_list":["post-10","page","type-page","status-publish","hentry"],"_links":{"self":[{"href":"https:\/\/matecomangu.org\/mostraanguafrancesa\/wp-json\/wp\/v2\/pages\/10","targetHints":{"allow":["GET"]}}],"collection":[{"href":"https:\/\/matecomangu.org\/mostraanguafrancesa\/wp-json\/wp\/v2\/pages"}],"about":[{"href":"https:\/\/matecomangu.org\/mostraanguafrancesa\/wp-json\/wp\/v2\/types\/page"}],"author":[{"embeddable":true,"href":"https:\/\/matecomangu.org\/mostraanguafrancesa\/wp-json\/wp\/v2\/users\/3"}],"replies":[{"embeddable":true,"href":"https:\/\/matecomangu.org\/mostraanguafrancesa\/wp-json\/wp\/v2\/comments?post=10"}],"version-history":[{"count":0,"href":"https:\/\/matecomangu.org\/mostraanguafrancesa\/wp-json\/wp\/v2\/pages\/10\/revisions"}],"wp:attachment":[{"href":"https:\/\/matecomangu.org\/mostraanguafrancesa\/wp-json\/wp\/v2\/media?parent=10"}],"curies":[{"name":"wp","href":"https:\/\/api.w.org\/{rel}","templated":true}]}}