{"id":60,"date":"2010-11-03T06:07:55","date_gmt":"2010-11-03T06:07:55","guid":{"rendered":"http:\/\/www.mostraanguafrancesa.com.br\/?page_id=60"},"modified":"2025-11-25T00:37:34","modified_gmt":"2025-11-25T00:37:34","slug":"ficha-tecnica","status":"publish","type":"page","link":"https:\/\/matecomangu.org\/mostraanguafrancesa\/ficha-tecnica\/ficha-tecnica\/","title":{"rendered":"FICHA T\u00c9CNICA"},"content":{"rendered":"<p>Equipe:<\/p>\n<p>Dire\u00e7\u00e3o de Produ\u00e7\u00e3o &#8211; Dani Francisco e Fab\u00edola Trinca<\/p>\n<p>Produ\u00e7\u00e3o Executiva &#8211; Terreiro de Ideias: Arte, Comunica\u00e7\u00e3o, Cultura<\/p>\n<p>Produ\u00e7\u00e3o &#8211; Manuela Castilho, Heraldo HB, Igor Barradas<\/p>\n<p>Colabora\u00e7\u00e3o: Priscila Miranda<\/p>\n<p>Produ\u00e7\u00e3o Atividades Paralelas &#8211; Bia Pimenta<\/p>\n<p>Assist\u00eancia de Produ\u00e7\u00e3o &#8211; Manuela Melo, Marcelo Amendoim, Nanda Augusta e Worney Peixoto<\/p>\n<p>Curadoria &#8211; Igor Barradas, Heraldo HB, Phillipe Urvoy e Fab\u00edola Trinca<\/p>\n<p>Programa\u00e7\u00e3o &#8211; Igor Barradas e Paulo Mainhard<\/p>\n<p>Assessoria de Comunica\u00e7\u00e3o &#8211; Heraldo HB e Cavi Borges<\/p>\n<p>Fotogr\u00e1fa \u2013 Carola Oliveira<\/p>\n<p>Arte Gr\u00e1fica &#8211; Andr\u00e9 Prestor e Thiago Venturotti<\/p>\n<p>Mobiliza\u00e7\u00e3o e Divulga\u00e7\u00e3o &#8211; Bia Pimenta, Sil Freitas e Worney Peixoto<\/p>\n<p>Tradu\u00e7\u00e3o de texto &#8211; Louis Genot<\/p>\n<p>Tradu\u00e7\u00e3o Simult\u00e2nea &#8211; Livia de Tommasi<\/p>\n<p>Legendagem &#8211; Cineclube Mate Com Angu e Coletivo Vira-Lata<\/p>\n<p>Cobertura Audiovisual e Vinheta &#8211; Pablo Pablo<\/p>\n<p>Cobertura IPTV AnguTv &#8211; M\u00e1rcio Bertoni<\/p>\n","protected":false},"excerpt":{"rendered":"<p>Equipe: Dire\u00e7\u00e3o de Produ\u00e7\u00e3o &#8211; Dani Francisco e Fab\u00edola Trinca Produ\u00e7\u00e3o Executiva &#8211; Terreiro de Ideias: Arte, Comunica\u00e7\u00e3o, Cultura Produ\u00e7\u00e3o &#8211; Manuela Castilho, Heraldo HB, Igor Barradas Colabora\u00e7\u00e3o: Priscila Miranda Produ\u00e7\u00e3o Atividades Paralelas &#8211; Bia Pimenta Assist\u00eancia de Produ\u00e7\u00e3o &#8211; &hellip; <a href=\"https:\/\/matecomangu.org\/mostraanguafrancesa\/ficha-tecnica\/ficha-tecnica\/\">Continuar lendo <span class=\"meta-nav\">&rarr;<\/span><\/a><\/p>\n","protected":false},"author":3,"featured_media":0,"parent":24,"menu_order":0,"comment_status":"open","ping_status":"open","template":"","meta":{"footnotes":""},"class_list":["post-60","page","type-page","status-publish","hentry"],"_links":{"self":[{"href":"https:\/\/matecomangu.org\/mostraanguafrancesa\/wp-json\/wp\/v2\/pages\/60","targetHints":{"allow":["GET"]}}],"collection":[{"href":"https:\/\/matecomangu.org\/mostraanguafrancesa\/wp-json\/wp\/v2\/pages"}],"about":[{"href":"https:\/\/matecomangu.org\/mostraanguafrancesa\/wp-json\/wp\/v2\/types\/page"}],"author":[{"embeddable":true,"href":"https:\/\/matecomangu.org\/mostraanguafrancesa\/wp-json\/wp\/v2\/users\/3"}],"replies":[{"embeddable":true,"href":"https:\/\/matecomangu.org\/mostraanguafrancesa\/wp-json\/wp\/v2\/comments?post=60"}],"version-history":[{"count":2,"href":"https:\/\/matecomangu.org\/mostraanguafrancesa\/wp-json\/wp\/v2\/pages\/60\/revisions"}],"predecessor-version":[{"id":299,"href":"https:\/\/matecomangu.org\/mostraanguafrancesa\/wp-json\/wp\/v2\/pages\/60\/revisions\/299"}],"up":[{"embeddable":true,"href":"https:\/\/matecomangu.org\/mostraanguafrancesa\/wp-json\/wp\/v2\/pages\/24"}],"wp:attachment":[{"href":"https:\/\/matecomangu.org\/mostraanguafrancesa\/wp-json\/wp\/v2\/media?parent=60"}],"curies":[{"name":"wp","href":"https:\/\/api.w.org\/{rel}","templated":true}]}}