{"id":14,"date":"2015-10-24T16:40:05","date_gmt":"2015-10-24T16:40:05","guid":{"rendered":"http:\/\/matecomangu.org\/performate\/?page_id=14"},"modified":"2015-10-25T05:15:45","modified_gmt":"2015-10-25T05:15:45","slug":"o-morro-da-formiga","status":"publish","type":"page","link":"https:\/\/matecomangu.org\/performate\/o-morro-da-formiga\/","title":{"rendered":"O MORRO DA FORMIGA"},"content":{"rendered":"<p>Situado no Bairro da Tijuca no Rio de Janeiro, o morro da Formiga tem aproximadamente 5.400 habitantes, o morro foi inicialmente ocupado por imigrantes de Portugal e da Alemanha em 1911, mas essa ocupa\u00e7\u00e3o foi intensificada a partir de um loteamento que se estendeu pelas encostas, principalmente entre as d\u00e9cadas de 1940 e 1960. Moradoras e moradores mais antigos do morro contam que, com o loteamento, a \u00e1rea come\u00e7ou a ser urbanizada. Mas os trabalhadores contratados para fazer o cal\u00e7amento acabaram se encantando pelo lugar e l\u00e1 decidiram construir suas pr\u00f3prias casas.<\/p>\n<p>Fonte: Blog da\u00a0<a href=\"http:\/\/smsdc-esfjuliobarbosa.blogspot.com.br\/2011\/04\/morro-da-formiga.html\" target=\"_blank\">SMS Julio Barbosa<\/a><\/p>\n<p><a href=\"https:\/\/matecomangu.org\/performate\/wp-content\/uploads\/2015\/10\/morro-da-formiga1.jpg\"><img loading=\"lazy\" decoding=\"async\" class=\"alignnone size-medium wp-image-27\" src=\"https:\/\/matecomangu.org\/performate\/wp-content\/uploads\/2015\/10\/morro-da-formiga1-300x225.jpg\" alt=\"morro da formiga1\" width=\"300\" height=\"225\" srcset=\"https:\/\/matecomangu.org\/performate\/wp-content\/uploads\/2015\/10\/morro-da-formiga1-300x225.jpg 300w, https:\/\/matecomangu.org\/performate\/wp-content\/uploads\/2015\/10\/morro-da-formiga1-1024x768.jpg 1024w, https:\/\/matecomangu.org\/performate\/wp-content\/uploads\/2015\/10\/morro-da-formiga1-1170x878.jpg 1170w, https:\/\/matecomangu.org\/performate\/wp-content\/uploads\/2015\/10\/morro-da-formiga1.jpg 1600w\" sizes=\"auto, (max-width: 300px) 100vw, 300px\" \/><\/a><\/p>\n<p>Foto: Morro da Formiga, no in\u00edcio da d\u00e9cada de 1970<br \/>\n(Arquivo Nacional, acervo Correio da Manh\u00e3)<\/p>\n<p>&nbsp;<\/p>\n<p>&nbsp;<\/p>\n","protected":false},"excerpt":{"rendered":"<p>Situado no Bairro da Tijuca no Rio de Janeiro, o morro da Formiga tem aproximadamente 5.400 habitantes, o morro foi inicialmente ocupado por imigrantes de Portugal e da Alemanha em 1911, mas essa ocupa\u00e7\u00e3o foi intensificada a partir de um&#8230;<br \/><a class=\"read-more-button\" href=\"https:\/\/matecomangu.org\/performate\/o-morro-da-formiga\/\">Read more<\/a><\/p>\n","protected":false},"author":3,"featured_media":0,"parent":0,"menu_order":1,"comment_status":"closed","ping_status":"closed","template":"","meta":{"footnotes":""},"class_list":["post-14","page","type-page","status-publish","hentry"],"_links":{"self":[{"href":"https:\/\/matecomangu.org\/performate\/wp-json\/wp\/v2\/pages\/14","targetHints":{"allow":["GET"]}}],"collection":[{"href":"https:\/\/matecomangu.org\/performate\/wp-json\/wp\/v2\/pages"}],"about":[{"href":"https:\/\/matecomangu.org\/performate\/wp-json\/wp\/v2\/types\/page"}],"author":[{"embeddable":true,"href":"https:\/\/matecomangu.org\/performate\/wp-json\/wp\/v2\/users\/3"}],"replies":[{"embeddable":true,"href":"https:\/\/matecomangu.org\/performate\/wp-json\/wp\/v2\/comments?post=14"}],"version-history":[{"count":4,"href":"https:\/\/matecomangu.org\/performate\/wp-json\/wp\/v2\/pages\/14\/revisions"}],"predecessor-version":[{"id":29,"href":"https:\/\/matecomangu.org\/performate\/wp-json\/wp\/v2\/pages\/14\/revisions\/29"}],"wp:attachment":[{"href":"https:\/\/matecomangu.org\/performate\/wp-json\/wp\/v2\/media?parent=14"}],"curies":[{"name":"wp","href":"https:\/\/api.w.org\/{rel}","templated":true}]}}