{"id":7,"date":"2015-10-19T21:50:34","date_gmt":"2015-10-19T21:50:34","guid":{"rendered":"http:\/\/matecomangu.org\/performate\/?page_id=7"},"modified":"2015-10-24T19:49:09","modified_gmt":"2015-10-24T19:49:09","slug":"o-que-elvis","status":"publish","type":"page","link":"https:\/\/matecomangu.org\/performate\/o-que-elvis\/","title":{"rendered":"QUAL A IDEIA?"},"content":{"rendered":"<p>O que \u00e9 Performance? \u00c9 teatro? \u00c9 interven\u00e7\u00e3o urbana? \u00c9 um blefe? \u00c9 protesto? Performance \u00e9 um termo amplo de dif\u00edcil defini\u00e7\u00e3o pois abrange v\u00e1rias formas de fazeres\u00a0art\u00edsticos que envolvem manipula\u00e7\u00e3o de mateiriais, ocupa\u00e7\u00e3o de espa\u00e7o, linguagens do corpo e da a\u00e7\u00e3o e as rela\u00e7\u00f5es com o social sendo muitas vezes definida como \u201carte relacional\u201d ou \u201ca\u00e7\u00e3o art\u00edstico-pol\u00edtica\u201d.<\/p>\n<p>Assim, para entender o mundo da performance \u00e9 fundamental sacar como e em que contexto surgiu como forma de express\u00e3o art\u00edstica e, claro, experiment\u00e1-la.<\/p>\n<p>Pol\u00edticas s\u00e3o o que fazemos o tempo todo ao nos relacionarmos com a sociedade \u00e0 nossa volta. Ignorar a pol\u00edtica, \u00e9 ignorar como nos relacionamos uns com os outros. Este \u00e9 um dos eixos deste laborat\u00f3rio art\u00edstico proposto pelo Mate.<\/p>\n<p>\u2014<\/p>\n<p>Outro elemento importante do lab PerforMate \u00e9 o registro da a\u00e7\u00e3o por meios audiovisuais. A performance \u00e9 uma arte que se d\u00e1 n\u00e3o s\u00f3 no espa\u00e7o do aqui e agora, na situa\u00e7\u00e3o que se vivencia num momento espec\u00edfico e passageiro, mas tamb\u00e9m naquilo que se perpetua e adquire outras possibilidades (at\u00e9 imprevis\u00edveis) no registro e na propaga\u00e7\u00e3o da cena por meio dos recursos de captura do momento em v\u00eddeo e sua posterior dissemina\u00e7\u00e3o na rede virtual;\u00a0informa\u00e7\u00e3o que se replica sem fim.<\/p>\n","protected":false},"excerpt":{"rendered":"<p>O que \u00e9 Performance? \u00c9 teatro? \u00c9 interven\u00e7\u00e3o urbana? \u00c9 um blefe? \u00c9 protesto? Performance \u00e9 um termo amplo de dif\u00edcil defini\u00e7\u00e3o pois abrange v\u00e1rias formas de fazeres\u00a0art\u00edsticos que envolvem manipula\u00e7\u00e3o de mateiriais, ocupa\u00e7\u00e3o de espa\u00e7o, linguagens do corpo e&#8230;<br \/><a class=\"read-more-button\" href=\"https:\/\/matecomangu.org\/performate\/o-que-elvis\/\">Read more<\/a><\/p>\n","protected":false},"author":1,"featured_media":0,"parent":0,"menu_order":0,"comment_status":"closed","ping_status":"closed","template":"","meta":{"footnotes":""},"class_list":["post-7","page","type-page","status-publish","hentry"],"_links":{"self":[{"href":"https:\/\/matecomangu.org\/performate\/wp-json\/wp\/v2\/pages\/7","targetHints":{"allow":["GET"]}}],"collection":[{"href":"https:\/\/matecomangu.org\/performate\/wp-json\/wp\/v2\/pages"}],"about":[{"href":"https:\/\/matecomangu.org\/performate\/wp-json\/wp\/v2\/types\/page"}],"author":[{"embeddable":true,"href":"https:\/\/matecomangu.org\/performate\/wp-json\/wp\/v2\/users\/1"}],"replies":[{"embeddable":true,"href":"https:\/\/matecomangu.org\/performate\/wp-json\/wp\/v2\/comments?post=7"}],"version-history":[{"count":5,"href":"https:\/\/matecomangu.org\/performate\/wp-json\/wp\/v2\/pages\/7\/revisions"}],"predecessor-version":[{"id":37,"href":"https:\/\/matecomangu.org\/performate\/wp-json\/wp\/v2\/pages\/7\/revisions\/37"}],"wp:attachment":[{"href":"https:\/\/matecomangu.org\/performate\/wp-json\/wp\/v2\/media?parent=7"}],"curies":[{"name":"wp","href":"https:\/\/api.w.org\/{rel}","templated":true}]}}